{"id":5053,"date":"2022-01-28T16:23:55","date_gmt":"2022-01-28T15:23:55","guid":{"rendered":"https:\/\/obchod.algate.sk\/?post_type=product&#038;p=5053"},"modified":"2022-04-18T13:09:45","modified_gmt":"2022-04-18T11:09:45","slug":"nadoba-4l","status":"publish","type":"product","link":"https:\/\/obchod.algate.sk\/?product=nadoba-4l","title":{"rendered":"N\u00e1doba 5,5l"},"content":{"rendered":"<p>Objem n\u00e1doby posta\u010duje na zliatie oleja z dvoch n\u00e1pln\u00ed be\u017en\u00fdch frit\u00e9z. Je taktie\u017e vhodn\u00e1 ak sa oleobox nenach\u00e1dza vo va\u0161ej bl\u00edzkosti. Obsahuje integrovan\u00e9 sitko a unik\u00e1tny chip, ktor\u00fdm sa veko oleoboxu po prilo\u017een\u00ed automaticky otvor\u00ed.<\/p>\n","protected":false},"excerpt":{"rendered":"<p>Objem n\u00e1doby posta\u010duje na zliatie oleja z dvoch n\u00e1pln\u00ed be\u017en\u00fdch frit\u00e9z. Je taktie\u017e vhodn\u00e1 ak sa oleobox nenach\u00e1dza vo va\u0161ej bl\u00edzkosti. Obsahuje integrovan\u00e9 sitko a unik\u00e1tny chip, ktor\u00fdm sa veko oleoboxu po prilo\u017een\u00ed automaticky otvor\u00ed.<\/p>\n","protected":false},"featured_media":5054,"template":"","meta":{"site-sidebar-layout":"default","site-content-layout":"default","ast-main-header-display":"","ast-hfb-above-header-display":"","ast-hfb-below-header-display":"","ast-hfb-mobile-header-display":"","site-post-title":"","ast-breadcrumbs-content":"","ast-featured-img":"","footer-sml-layout":"","theme-transparent-header-meta":"default","adv-header-id-meta":"","stick-header-meta":"","header-above-stick-meta":"","header-main-stick-meta":"","header-below-stick-meta":"","spay_email":""},"product_cat":[32],"product_tag":[],"class_list":{"0":"post-5053","1":"product","2":"type-product","3":"status-publish","4":"has-post-thumbnail","6":"product_cat-nadoby-oleobox","8":"first","9":"instock","10":"featured","11":"taxable","12":"shipping-taxable","13":"purchasable","14":"product-type-simple"},"_links":{"self":[{"href":"https:\/\/obchod.algate.sk\/index.php?rest_route=\/wp\/v2\/product\/5053","targetHints":{"allow":["GET"]}}],"collection":[{"href":"https:\/\/obchod.algate.sk\/index.php?rest_route=\/wp\/v2\/product"}],"about":[{"href":"https:\/\/obchod.algate.sk\/index.php?rest_route=\/wp\/v2\/types\/product"}],"wp:featuredmedia":[{"embeddable":true,"href":"https:\/\/obchod.algate.sk\/index.php?rest_route=\/wp\/v2\/media\/5054"}],"wp:attachment":[{"href":"https:\/\/obchod.algate.sk\/index.php?rest_route=%2Fwp%2Fv2%2Fmedia&parent=5053"}],"wp:term":[{"taxonomy":"product_cat","embeddable":true,"href":"https:\/\/obchod.algate.sk\/index.php?rest_route=%2Fwp%2Fv2%2Fproduct_cat&post=5053"},{"taxonomy":"product_tag","embeddable":true,"href":"https:\/\/obchod.algate.sk\/index.php?rest_route=%2Fwp%2Fv2%2Fproduct_tag&post=5053"}],"curies":[{"name":"wp","href":"https:\/\/api.w.org\/{rel}","templated":true}]}}